factors of 188775619?
103, 271, 6763
What are the prime factors of 1499217896?
2, 11, 17, 1002151
What are the prime factors of 354594931?
47, 7544573
What are the prime factors of 205266770?
2, 5, 367, 55931
What are the prime factors of 175447580?
2, 5, 7, 11, 10357
List the prime factors of 2592158735.
5, 1723, 300889
List the prime factors of 1041375218.
2, 13, 19, 2108047
What are the prime factors of 288830416?
2, 7, 47, 54869
List the prime factors of 5018018210.
2, 5, 19777, 25373
What are the prime factors of 363394763?
43, 8451041
List the prime factors of 3368855408.
2, 67, 3142589
List the prime factors of 2908530467.
1087, 2675741
What are the prime factors of 349958071?
79, 1013, 4373
List the prime factors of 2617810.
2, 5, 13, 1549
What are the prime factors of 22478760?
2, 3, 5, 17, 3673
List the prime factors of 15986295.
3, 5, 13, 9109
List the prime factors of 545273144.
2, 13, 23, 37, 61, 101
What are the prime factors of 244095629?
1213, 201233
List the prime factors of 58264668.
2, 3, 7, 11, 21019
List the prime factors of 86448402.
2, 3, 4802689
What are the prime factors of 2633882935?
5, 526776587
List the prime factors of 4097034368.
2, 7, 47, 271, 359
List the prime factors of 647011047.
3, 19, 11351071
List the prime factors of 76954881.
3, 359, 71453
What are the prime factors of 177418006?
2, 1823, 48661
What are the prime factors of 433323587?
433323587
List the prime factors of 466683750.
2, 3, 5, 13, 3191
List the prime factors of 4607583758.
2, 733, 3142963
What are the prime factors of 82093248?
2, 3, 359, 397
What are the prime factors of 14983346?
2, 7, 829, 1291
List the prime factors of 1468339321.
293, 1453, 3449
List the prime factors of 32060997.
3, 17, 209549
What are the prime factors of 631785926?
2, 17, 149, 311, 401
List the prime factors of 5676738.
2, 3, 946123
What are the prime factors of 84829603?
84829603
List the prime factors of 1912393824.
2, 3, 11, 1810979
What are the prime factors of 208651969?
208651969
What are the prime factors of 92407085?
5, 173, 317, 337
List the prime factors of 27285924.
2, 3, 2273827
What are the prime factors of 743487978?
2, 3, 283, 437861
What are the prime factors of 18549229?
229, 81001
List the prime factors of 19619273.
19619273
List the prime factors of 1850521292.
2, 5479, 84437
What are the prime factors of 425032659?
3, 487, 96973
List the prime factors of 244828096.
2, 3825439
What are the prime factors of 125083567?
7, 17869081
What are the prime factors of 376480356?
2, 3, 7, 107, 41887
What are the prime factors of 177656783?
17, 19, 227, 2423
What are the prime factors of 54876696?
2, 3, 7, 31, 41, 257
List the prime factors of 244436068.
2, 2203, 27739
What are the prime factors of 410288704?
2, 7, 67, 13669
What are the prime factors of 18111027?
3, 11, 47, 11677
What are the prime factors of 2365737816?
2, 3, 13, 17, 26237
List the prime factors of 1649360417.
17, 19, 43, 149, 797
What are the prime factors of 4776743568?
2, 3, 99515491
List the prime factors of 1120888934.
2, 11, 911, 55927
List the prime factors of 755844173.
7, 6373, 16943
List the prime factors of 124730082.
2, 3, 1693, 4093
What are the prime factors of 77011264?
2, 11, 109391
List the prime factors of 680187920.
2, 5, 8502349
List the prime factors of 338210193.
3, 23, 293, 16729
List the prime factors of 186680978.
2, 11, 17, 45377
List the prime factors of 112154853.
3, 19, 1229, 1601
List the prime factors of 70014007.
7, 17, 53, 653
List the prime factors of 2497778943.
3, 11, 37, 103, 19861
List the prime factors of 71889737.
71889737
What are the prime factors of 4164839725?
5, 1277, 130457
List the prime factors of 2403387944.
2, 23, 13061891
List the prime factors of 1692806155.
5, 41, 43, 192037
List the prime factors of 1332221507.
17, 4609763
What are the prime factors of 424668368?
2, 26541773
List the prime factors of 303328951.
29, 113, 151, 613
What are the prime factors of 2038610199?
3, 17, 317, 126097
What are the prime factors of 26687670?
2, 3, 5, 889589
List the prime factors of 12586453.
11, 1144223
List the prime factors of 26864804.
2, 6716201
What are the prime factors of 2590389366?
2, 3, 431731561
What are the prime factors of 5305049004?
2, 3, 11399, 38783
List the prime factors of 3042468197.
197, 15444001
What are the prime factors of 2298912626?
2, 1149456313
List the prime factors of 353597288.
2, 11, 4018151
List the prime factors of 9111609.
3, 13, 17, 509
What are the prime factors of 1091317580?
2, 5, 54565879
What are the prime factors of 425013873?
3, 141671291
What are the prime factors of 33953682?
2, 3, 7, 808421
What are the prime factors of 1088456262?
2, 3, 577, 314401
List the prime factors of 2717598007.
61, 173, 257519
List the prime factors of 60641506.
2, 79, 383807
List the prime factors of 218703434.
2, 139, 786703
List the prime factors of 3268396645.
5, 1019, 641491
What are the prime factors of 2452444117?
659, 3721463
List the prime factors of 132217493.
132217493
List the prime factors of 54760259.
37, 103, 14369
What are the prime factors of 17596271?
7, 11, 228523
List the prime factors of 974335680.
2, 3, 5, 373, 907
List the prime factors of 2144441167.
11, 194949197
What are the prime factors of 22014347?
743, 29629
What are the prime factors of 80266750?
2, 5, 31, 10357
List the prime factors of 645578998.
2, 19, 16988921
List the prime factors of 28818766.
2, 14409383
What are the prime factors of 29193021?
3, 11, 13, 7561
List the prime factors of 176097881.
176097881
What are the prime factors of 60841827?
3, 17, 41, 53, 61
What are the prime factors of 312346291?
61, 569, 8999
List the prime factors of 109272753.
3, 17, 317, 751
What are the prime factors of 14968680?
2, 3, 5, 124739
What are the prime factors of 37416224?
2, 1169257
What are the prime factors of 4989634497?
3, 2293, 241781
List the prime factors of 283169579.
7, 11, 525361
What are the prime factors of 125416161?
3, 13, 67, 5333
What are the prime factors of 166054160?
2, 5, 2075677
List the prime factors of 2099645411.
2099645411
List the prime factors of 2877767633.
13, 17, 13021573
List the prime factors of 871281203.
13, 953, 70327
List the prime factors of 6366490439.
6366490439
List the prime factors of 67215317.
13, 271, 19079
List the prime factors of 404081132.
2, 7, 13, 19, 58427
List the prime factors of 503892584.
2, 13, 223, 21727
What are the prime factors of 1170603452?
2, 19, 15402677
What are the prime factors of 2226118220?
2, 5, 111305911
What are the prime factors of 104598153?
3, 11, 151, 6997
What are the prime factors of 96411026?
2, 48205513
What are the prime factors of 131749212?
2, 3, 7, 313, 5011
List the prime factors of 1691519805.
3, 5, 17, 31, 71327
What are the prime factors of 297503440?
2, 5, 13, 286061
What are the prime factors of 333266065?
5, 11, 149, 3697
What are the prime factors of 387212704?
2, 19, 636863
What are the prime factors of 74219757?
3, 19, 73, 17837
List the prime factors of 2342119768.
2, 1087, 269333
What are the prime factors of 37126465?
5, 2621, 2833
What are the prime factors of 4113644950?
2, 5, 82272899
List the prime factors of 44570118.
2, 3, 223, 33311
List the prime factors of 562963713.
3, 13, 14434967
List the prime factors of 36692285.
5, 7, 1009, 1039
List the prime factors of 3811357931.
151, 2039, 12379
What are the prime factors of 208171459?
23, 443, 20431
What are the prime factors of 38331441?
3, 1419683
List the prime factors of 1095731314.
2, 41, 73, 163, 1123
What are the prime factors of 1255687939?
11, 114153449
List the prime factors of 533758032.
2, 3, 19, 65029
List the prime factors of 879334549.
29, 157, 193133
List the prime factors of 87161964.
2, 3, 79, 91943
List the prime factors of 302045173.
1571, 192263
What are the prime factors of 90938902?
2, 19, 41, 58369
What are the prime factors of 81740176?
2, 7, 229, 3187
List the prime factors of 3238592829.
3, 41, 2011, 13093
List the prime factors of 360232682.
2, 180116341
What are the prime factors of 1362597229?
7, 194656747
What are the prime factors of 234890822?
2, 7307, 16073
List the prime factors of 34562909.
131, 439, 601
What are the prime factors of 2353254?
2, 3, 392209
What are